on divisor of 3082 and 85354449?
1541
What is the highest common factor of 63098 and 4564?
14
Calculate the greatest common divisor of 40 and 98996060.
20
What is the greatest common divisor of 1288400 and 2240?
80
What is the highest common factor of 1324399 and 167499?
503
Calculate the highest common divisor of 321 and 96567072.
321
Calculate the greatest common divisor of 2023389 and 7.
1
What is the greatest common factor of 650649130 and 1076?
538
Calculate the highest common divisor of 101385430 and 30.
10
What is the highest common factor of 205808 and 15200?
304
Calculate the greatest common divisor of 912 and 170064576.
48
Calculate the highest common divisor of 28 and 102851994.
14
Calculate the greatest common factor of 13786773 and 231.
231
What is the greatest common divisor of 496 and 3643888?
16
Calculate the highest common factor of 6 and 6787392.
6
Calculate the greatest common factor of 33853877 and 95.
19
What is the highest common factor of 1803438 and 24066?
126
What is the highest common factor of 700022 and 4648?
166
Calculate the highest common factor of 46 and 52812646.
46
What is the highest common divisor of 58113 and 11740?
587
What is the greatest common divisor of 47921 and 5203999?
277
What is the greatest common divisor of 2424285 and 13770?
765
Calculate the highest common factor of 124887 and 116109.
399
Calculate the highest common factor of 438224 and 15799.
61
What is the greatest common factor of 85936598 and 1870?
374
Calculate the greatest common factor of 3699 and 249862929.
411
What is the highest common factor of 1761667 and 301?
43
Calculate the greatest common divisor of 48406089 and 28509.
2193
Calculate the greatest common factor of 119269920 and 3234.
3234
What is the greatest common factor of 2 and 470531?
1
What is the greatest common divisor of 1180 and 6974390?
590
What is the highest common factor of 4228961 and 165957?
1177
What is the greatest common factor of 4908 and 1702662092?
1636
What is the greatest common divisor of 5112 and 668088?
72
Calculate the highest common factor of 1724 and 144355261.
431
Calculate the greatest common divisor of 7287286 and 3047794.
10546
Calculate the highest common factor of 42963615 and 57105.
1215
What is the highest common divisor of 396830 and 1410?
10
Calculate the greatest common factor of 12803694 and 18.
6
What is the highest common divisor of 1323 and 3739581?
27
Calculate the highest common divisor of 269520 and 512.
16
What is the highest common divisor of 41496224 and 8228?
484
Calculate the greatest common factor of 6825 and 271154975.
2275
Calculate the highest common factor of 6921965 and 320045.
2645
Calculate the greatest common factor of 89592708 and 1476.
492
Calculate the highest common divisor of 282423867 and 99.
33
Calculate the greatest common divisor of 113580084 and 20622.
2946
Calculate the highest common factor of 133 and 410087203.
19
What is the highest common divisor of 4618500 and 13500?
1500
Calculate the greatest common divisor of 187482171 and 55896.
6987
Calculate the greatest common divisor of 19143267 and 143715.
429
What is the highest common divisor of 592622 and 677794?
398
What is the highest common factor of 4377048 and 429?
39
What is the highest common factor of 345078260 and 26510?
2410
What is the greatest common factor of 5475 and 4485120?
1095
What is the highest common factor of 732 and 28361584?
244
Calculate the greatest common divisor of 273 and 1682616.
39
What is the highest common factor of 632665 and 1265?
55
What is the highest common divisor of 175 and 6126025?
25
Calculate the highest common divisor of 6131199256 and 29.
29
What is the greatest common divisor of 213061 and 23707?
151
Calculate the greatest common divisor of 17055407 and 19.
19
Calculate the greatest common factor of 14819475 and 8625.
1725
Calculate the highest common divisor of 57 and 43947950.
19
What is the highest common divisor of 29876 and 27916?
28
What is the highest common divisor of 291 and 3189?
3
Calculate the highest common divisor of 30560 and 392948120.
7640
Calculate the greatest common divisor of 42240819 and 11314.
5657
Calculate the greatest common factor of 72 and 2425338.
18
What is the greatest common divisor of 5241899 and 884?
221
What is the greatest common divisor of 361658604 and 18?
6
Calculate the highest common factor of 25242246 and 288.
18
Calculate the highest common factor of 52238194 and 10.
2
What is the highest common divisor of 56 and 39735792?
8
What is the highest common divisor of 5335663 and 291238?
653
Calculate the highest common factor of 7082571 and 1269.
141
Calculate the greatest common factor of 91650791 and 1955.
391
What is the greatest common factor of 10893435 and 43365?
735
Calculate the highest common divisor of 4739240 and 18320.
40
Calculate the highest common divisor of 257 and 1157930205.
257
What is the highest common factor of 148306514 and 304?
38
Calculate the greatest common factor of 92777418 and 19.
19
What is the greatest common factor of 1916602240 and 4480?
4480
What is the highest common divisor of 8228 and 4420?
68
Calculate the greatest common divisor of 8595829 and 3784.
473
What is the highest common divisor of 8085 and 5229180?
165
What is the highest common divisor of 17506305 and 3?
3
What is the greatest common divisor of 31323 and 287817?
591
Calculate the greatest common factor of 1230 and 66.
6
Calculate the greatest common divisor of 24 and 979194.
6
What is the greatest common divisor of 135 and 335025?
45
Calculate the greatest common factor of 1893610 and 105.
5
Calculate the greatest common factor of 266 and 3211931.
19
Calculate the greatest common factor of 225531504 and 4752.
1584
What is the highest common factor of 234 and 6388941?
39
Calculate the highest common factor of 2804 and 2494859.
701
Calculate the highest common divisor of 18688 and 3567072.
2336
What is the highest common divisor of 11281500 and 368420?
2180
Calculate the highest common factor of 525 and 939687.
21
What is the greatest common factor of 5207158 and 2849?
407
What is the highest common divisor of 53 and 490160?
1
What is the greatest common factor of 1428 and 36622284?
204
Calculate the highest common divisor of 42 and 8973867.
21
What is the greatest common divisor of 37580169 and 88?
11
Calculate the highest common factor of 514729 and 152.
19
What is the highest common factor of 2504 and 5624923?
313
Calculate the highest common divisor of 46842258 and 2702.
386
What is the greatest common divisor of 3000 and 4318680?
120
What is the highest common factor of 2170 and 57217630?
310
Calculate the greatest common factor of 332766 and 43533.
63
Calculate the highest common factor of 21 and 36177477.
21
Calculate the greatest common factor of 200 and 16809400.
200
What is the greatest common factor of 3390982 and 2622?
46
What is the greatest common divisor of 530 and 8844400?
10
Calculate the highest common factor of 10841264 and 329.
7
Calculate the greatest common factor of 25134914 and 630.
14
Calculate the greatest common divisor of 7227 and 8308641.
2409
Calculate the highest common divisor of 8902800 and 350.
50
What is the greatest common factor of 18483279 and 10932?
2733
Calculate the greatest common divisor of 4228 and 104470709.
1057
What is the highest common factor of 74962 and 1776?
74
Calculate the highest common factor of 141083 and 2499.
17
Calculate the greatest common factor of 1859 and 72532603.
1859
What is the greatest common factor of 147461325 and 141?
141
What is the highest common factor of 235626097 and 7?
7
What is the greatest common divisor of 11619867 and 148407?
4011
Calculate the highest common divisor of 668443 and 75697.
1283
What is the greatest common divisor of 9824497 and 519?
173
Calculate the highest common divisor of 2967805 and 411995.
655
Calculate the greatest common divisor of 206 and 74811887.
103
Calculate the greatest common divisor of 5547627 and 1436.
359
Calculate the highest common factor of 1146 and 10273126.
382
What is the greatest common divisor of 1068984 and 1612296?
3528
What is the highest common factor of 1636469590 and 20?
10
What is the highest common factor of 3043628 and 392?
28
Calculate the 